l**3/6 + l**2. List the prime factors of o(v).
37
What are the prime factors of (37 - 44)*(-13564)/28?
3391
What are the prime factors of 32/112*-2 - (-225951)/21?
7, 29, 53
List the prime factors of -30 + 16744/559 + (-555392)/(-86).
2, 3229
Suppose -101*w + 287519 = -179101. List the prime factors of w.
2, 3, 5, 7, 11
Let h = -519 + 1178. Suppose -h + 50 = -l. List the prime factors of l.
3, 7, 29
Suppose 0 = 2*l - 17 + 7. Suppose -5 = -3*p - 2*p, 4 = l*t + 4*p. Suppose -5*w + 4*y + 485 = t, 4*w - 2*y + 6*y = 388. List the prime factors of w.
97
Let n(d) = -2*d**2 - 35*d + 60. Let x(w) = -w**2 - 18*w + 31. Let q(z) = -6*n(z) + 11*x(z). What are the prime factors of q(12)?
269
List the prime factors of (14588 - -3)*(8/3 + 16/(-24)).
2, 14591
Let i(s) = s**2 + 12*s + 14. Let v be i(-11). Suppose -1249 = v*b - 349. List the prime factors of -3 + (3*-1 - (10 + b)).
2, 71
Suppose 5*u = -4*f + 4168, -6*u - 3*f = -9*u + 2490. Suppose 11*h - u = 807. What are the prime factors of h?
149
Let j(a) = -4*a + a**2 + 6*a + 8*a + 32 - 7*a + 2*a. Suppose y + 70 = 6*y - 5*g, 0 = -2*g. List the prime factors of j(y).
2, 149
Let h = 85 + -81. Let l be 2/(h/2) + 5. List the prime factors of ((-76)/l)/((-4)/42).
7, 19
Let i = -3883 + 22487. List the prime factors of i.
2, 4651
Suppose -13 = -2*h + 5*d, h + 2*d + 10 = -3*h. Let k(p) = 11*p**3 + 2*p + 3. Let q be k(h). List the prime factors of (-1155)/q - (-4)/8.
2, 29
Let f(i) = 1. Let d(z) = z**2 + 9*z - 15. Let p(r) = d(r) + 3*f(r). Let x(s) = 4*s - 3. Let b be x(-3). What are the prime factors of p(b)?
2, 3, 13
Let j(l) = l**3 - 47*l**2 - 436*l - 103. What are the prime factors of j(56)?
3, 5, 13, 19
Let z = 2022 + 72. Suppose 3*h + 3*p = z, 14*h + 5*p = 10*h + 2797. What are the prime factors of h?
3, 7, 11
Let b = 253 - 250. Suppose -5*m + 2406 = b*x, x = 2*m - 587 - 382. List the prime factors of m.
3, 7, 23
Let f be 1/(4/70 + (-14)/70). What are the prime factors of f + 6/3 + 315?
2, 5, 31
Let a(z) be the second derivative of 11*z**5/60 - z**4/12 - z**3/2 - 6*z**2 - 10*z. Let q(o) be the first derivative of a(o). List the prime factors of q(-2).
3, 5
Let t = 191 + 1727. Suppose 3*y - 1441 = -2*n, -9*y - 2*n + t = -5*y. List the prime factors of y.
3, 53
Let o be (0 - 780/(-13))*1/2. List the prime factors of ((-1)/((-4)/2))/(o/72780).
1213
Let u(i) be the first derivative of 7*i**2 - 5*i - 132. What are the prime factors of u(4)?
3, 17
Let t(x) = 2*x**3 - 6*x**2 - 17*x - 3. Let j be t(7). Let l = j - 11. Suppose -3*f - y = -l, 2*y + 4 = 2*f - 166. What are the prime factors of f?
2, 43
Let q(c) = -c**3 - 20*c**2 - 28*c + 1. Let u be q(-19). Let t = u - 98. Let a = t - -56. What are the prime factors of a?
2, 5, 13
Let r = -78 + 122. Suppose r*d - 828 = 41*d. List the prime factors of d.
2, 3, 23
Suppose 3*r - 2*r = 31. Suppose 3*s - 377 = k - 383, 0 = -k + s + 6. Suppose -3*d - 2*i = -535, r = 5*i + k. What are the prime factors of d?
5, 7
Let t be (-6)/8 + 65/(-4). List the prime factors of ((-136)/16)/t + 939/2.
2, 5, 47
Let m be 3470 + (-2 + -2 - 2/1). Suppose 4*b - 2*q + m = 9364, -2*b - 5*q = -2926. List the prime factors of b.
3, 491
Let r(t) = -23*t + 124. Let s(n) = -23*n + 123. Let j(y) = -5*r(y) + 4*s(y). What are the prime factors of j(24)?
2, 53
Let l = 36 - 34. Let o = l + 4. Suppose o*v - 366 = 60. What are the prime factors of v?
71
Suppose -2*y = 14, -l - 32*y = -33*y - 2214. List the prime factors of l.
2207
Let i be (-1)/5 + (-192)/(-60). Suppose j - 4*c = -3*j + 952, -i*j = 5*c - 754. List the prime factors of j.
3
Suppose -4*q + 28310 = 2*i, 0*i - 5*i - 14161 = -2*q. List the prime factors of q.
2, 3539
Let j = -297 - -693. Suppose 0 = i - 392 - j. What are the prime factors of i?
2, 197
Suppose 5*b = -x + 2289, 0 = -4*x + 90*b - 88*b + 9244. List the prime factors of x.
2309
Suppose -17 = -a + 3*z, 2*a + 2*z - 7*z = 32. Suppose 10 = -2*t - 2*x + 230, -2*t + 5*x = -255. Let h = a + t. What are the prime factors of h?
2, 3, 7
What are the prime factors of ((-6)/(-4))/3 + ((-3091110)/(-4))/51?
3, 5051
Let g = -555 + 944. Let d = 417 + g. List the prime factors of d.
2, 13, 31
Suppose -s = 3, -5*a - 5*s + 43830 + 178210 = 0. List the prime factors of a.
89, 499
Let d(l) = 7*l**2 + 6*l + 21. Let c be d(-10). Let p = c + -393. Suppose -27*k + 23*k = -p. List the prime factors of k.
67
Let f = -185 + 192. Suppose -f*x + w = -2*x - 953, 0 = -5*x - 4*w + 963. List the prime factors of x.
191
What are the prime factors of ((-11 + 2)*6)/(8098/4052 + -2)?
2, 3, 1013
Suppose -39 + 55 = 4*x. Suppose -246 = -x*r + 5*a + 1146, -3*a + 1360 = 4*r. List the prime factors of r.
7
Let t(q) = 6*q + 125. Let o be t(-30). What are the prime factors of (3 - (-175)/o) + 4380/11?
2, 199
Let u(l) = 5*l - 6. Let g be u(2). Suppose -g = 2*b, -366 = -s - 8*b + 6*b. What are the prime factors of s?
2, 5, 37
Let v = 39029 + -17025. List the prime factors of v.
2, 5501
Let o be ((-21)/28 - 3)/(2/(-96)). What are the prime factors of ((-12690)/o)/(1 - 5/4)?
2, 3, 47
Let y(p) = -p**2 - 12*p - 6. Let r be y(-11). Suppose -r*q = 5*g - 225, -215 = -4*q + g + 2*g. Suppose n + 0*n - q = 0. What are the prime factors of n?
2, 5
Let x(w) = 7*w - 24. Let m be x(4). Suppose m*y - 24 = 4*h, -12 - 11 = -4*y + 3*h. Suppose 6*g = y*g + 146. List the prime factors of g.
2, 73
Suppose 0 = 2*g - 10, -20*k + 4*g = -13*k - 30010. List the prime factors of k.
2, 3, 5, 11, 13
Suppose -5*f + 7*h + 1467 = 3*h, -f - 4*h = -303. Suppose s - f = 185. Suppose -4*a + s = 5*k, -a = a + 2*k - 238. List the prime factors of a.
5, 23
Let a be (3 + -14)/(-1 + 0). Let m(h) = h**2 - 9*h - 22. Let k be m(a). Suppose -34*w + 32*w + 272 = k. List the prime factors of w.
2, 17
Suppose 0 = -16*q + 86622 + 73410. What are the prime factors of q?
2, 3, 1667
Let q = -21312 - -42245. List the prime factors of q.
11, 173
Suppose -u = 2*u + 6. Suppose 144 = 80*z + 784. List the prime factors of 1/u + -1 + (-180)/z.
3, 7
Let y be (8 - 10) + 2 + (2 - -2). Suppose y*j = 4 - 8. What are the prime factors of 54 + -2 + (j - -3) + -4?
2, 5
Let x(c) = 6*c**2 - 1. Let s be x(3). Suppose 32 = 17*q - s. List the prime factors of ((-41)/2)/(145/30 - q).
3, 41
Let r be 4/(-10) - ((-15574)/10 - -2). Suppose 0 = 6*w - 2699 - r. What are the prime factors of w?
709
What are the prime factors of (54/(-63))/(-1 + 8411/8414)?
2, 601
Let m be -3 - (92/(-6))/(13/39). Suppose l = -2*k + 47, -58 = -3*l + 2*k + m. Suppose -l = 6*j - 319. List the prime factors of j.
47
Let b(a) = -567*a**2 + 570*a**2 - 1 + 79*a - 144. List the prime factors of b(-42).
31, 59
Let l(f) = 255*f - 163. Let q be l(11). Suppose 0 = -5*i + 5*g + 6605, -3*i - 4*g + q = -i. What are the prime factors of i?
1321
Suppose 7*j = -0*j - 2387. Let i = -93 - j. List the prime factors of i.
2, 31
Suppose -8*x + 225 = x. Let r = x - -48. Suppose -r = -5*j + 87. List the prime factors of j.
2
Suppose -4*z = -8*z + 16. Suppose 9*m - z = 8*m. Suppose 220 + 220 = m*v. What are the prime factors of v?
2, 5, 11
Let g(p) = p**3 - 9*p**2 + 7*p + 11. Let z be g(6). Let b = z + 58. Suppose 2*n + 3*w - 277 = -b*n, w - 110 = -2*n. What are the prime factors of n?
53
Let d be (-24)/14*1428/(-24). Let q = d - 88. Suppose q = -6*l + 98. List the prime factors of l.
2, 7
Let k(i) be the third derivative of i**5/60 - i**4/8 + 28*i**3/3 + 15*i**2. List the prime factors of k(-17).
2, 3, 11
Suppose -32*t - 85*t = 102*t - 3734607. List the prime factors of t.
17053
Suppose -32*f = -18*f - 8820. Suppose 34*x + f = 35*x. List the prime factors of x.
2, 3, 5, 7
Let o(t) = 97*t**3 + t**2 - 3*t + 3. Let y be o(2). Let n = y - 402. List the prime factors of (n/10)/(1*1/2).
3, 5
Let p(f) be the first derivative of 14*f**3/3 + 14*f**2 - 160*f - 221. List the prime factors of p(11).
2, 3, 307
Let l = 6304 + -3628. List the prime factors of l.
2, 3, 223
List the prime factors of 15/(-6)*(0 + -146).
5, 73
Let c(p) = 3 - 76*p - p**3 + 174*p - 87*p - 2*p**2. Suppose 0 = 10*o - 7*o + 18. List the prime factors of c(o).
3
Let k(n) = 12*n + 48. Let z be k(-4). Suppose -15*v - 92 + 4712 = z. What are the prime factors of v?
2, 7, 11
Suppose -h = -h - 3*h. Suppose -3*i + h*x + 22 = 2*x, 0 = 3*x + 3. Suppose 5*m - 4*m = 2*d - i, -3*d - 10 = 4*m. What are 